se 3.
0
-64 (base 14) to base 13
-6a
9 (base 12) to base 5
14
What is 6 (base 9) in base 8?
6
What is -244 (base 12) in base 10?
-340
-2 (base 14) to base 7
-2
What is 0 (base 8) in base 14?
0
What is 1 (base 5) in base 3?
1
2 (base 14) to base 15
2
Convert 99 (base 14) to base 6.
343
141 (base 5) to base 16
2e
3 (base 5) to base 14
3
What is 1 (base 5) in base 16?
1
Convert 9 (base 12) to base 5.
14
Convert -1 (base 4) to base 8.
-1
What is 36 (base 16) in base 14?
3c
What is -14 (base 14) in base 8?
-22
-a7 (base 13) to base 6
-345
-4 (base 7) to base 16
-4
What is 15 (base 7) in base 3?
110
-111 (base 4) to base 10
-21
Convert 0 (base 9) to base 6.
0
31 (base 13) to base 3
1111
Convert -33 (base 6) to base 9.
-23
Convert -1 (base 15) to base 13.
-1
Convert 5 (base 13) to base 16.
5
Convert -1220 (base 3) to base 9.
-56
What is -3 (base 6) in base 12?
-3
What is 4 (base 7) in base 5?
4
What is fb (base 16) in base 8?
373
Convert -41 (base 9) to base 16.
-25
-1212 (base 3) to base 13
-3b
44 (base 11) to base 4
300
Convert -11200 (base 3) to base 9.
-150
What is 14 (base 5) in base 8?
11
Convert -53 (base 15) to base 13.
-60
10a (base 11) to base 13
a1
Convert -47 (base 15) to base 14.
-4b
36 (base 13) to base 7
63
1 (base 13) to base 12
1
Convert 7c (base 13) to base 6.
251
What is 12 (base 5) in base 8?
7
1 (base 5) to base 2
1
-9 (base 14) to base 15
-9
Convert 12221 (base 3) to base 11.
136
What is -3 (base 9) in base 8?
-3
114 (base 9) to base 8
136
-41 (base 10) to base 9
-45
7 (base 16) to base 9
7
What is -2 (base 14) in base 5?
-2
What is -35 (base 13) in base 3?
-1122
-2 (base 3) to base 12
-2
5 (base 8) to base 14
5
Convert -19 (base 13) to base 12.
-1a
Convert 16 (base 12) to base 5.
33
What is 114 (base 12) in base 2?
10100000
What is 9 (base 10) in base 12?
9
Convert -2 (base 3) to base 10.
-2
-12 (base 10) to base 4
-30
What is 100 (base 7) in base 4?
301
What is 151 (base 9) in base 5?
1002
-100 (base 2) to base 9
-4
What is -10011101 (base 2) in base 9?
-184
What is -11 (base 2) in base 11?
-3
What is 2111 (base 4) in base 7?
302
Convert -21 (base 3) to base 9.
-7
-3 (base 12) to base 8
-3
What is 72 (base 8) in base 6?
134
Convert 11010 (base 2) to base 14.
1c
Convert 9 (base 13) to base 8.
11
109 (base 11) to base 14
94
Convert 1000101 (base 2) to base 16.
45
What is -217 (base 11) in base 10?
-260
What is -11 (base 4) in base 13?
-5
-8 (base 13) to base 16
-8
5 (base 16) to base 9
5
What is 5 (base 11) in base 16?
5
Convert -10010 (base 2) to base 9.
-20
What is 45 (base 12) in base 11?
49
Convert -a (base 13) to base 11.
-a
What is 86 (base 13) in base 14?
7c
What is 4 (base 5) in base 6?
4
-9 (base 15) to base 11
-9
Convert 34 (base 7) to base 11.
23
5 (base 12) to base 11
5
-1 (base 7) to base 14
-1
Convert -2 (base 11) to base 8.
-2
Convert -33 (base 8) to base 14.
-1d
What is -110 (base 2) in base 13?
-6
Convert -24 (base 8) to base 13.
-17
Convert -411 (base 9) to base 2.
-101001110
What is 2121 (base 3) in base 15?
4a
What is b9 (base 15) in base 13?
105
3 (base 9) to base 14
3
What is 45 (base 14) in base 13?
49
-2 (base 16) to base 7
-2
Convert 31 (base 6) to base 7.
25
What is -39 (base 13) in base 15?
-33
-2 (base 7) to base 5
-2
What is -114 (base 11) in base 12?
-b4
7 (base 13) to base 9
7
29 (base 15) to base 7
54
0 (base 6) to base 9
0
-2 (base 9) to base 15
-2
Convert 16 (base 10) to base 2.
10000
Convert -3 (base 14) to base 2.
-11
Convert -460 (base 7) to base 15.
-10d
What is -221 (base 10) in base 6?
-1005
What is a (base 14) in base 2?
1010
Convert 4 (base 13) to base 4.
10
What is 10 (base 4) in base 15?
4
What is -1 (base 5) in base 3?
-1
2 (base 13) to base 14
2
What is -23 (base 7) in base 5?
-32
What is 33 (base 12) in base 9?
43
1000 (base 3) to base 10
27
Convert 1442 (base 6) to base 16.
182
Convert -6 (base 15) to base 14.
-6
-43 (base 11) to base 16
-2f
-357 (base 8) to base 7
-461
145 (base 6) to base 11
5a
Convert 0 (base 3) to base 5.
0
Convert 0 (base 9) to base 13.
0
-10100 (base 3) to base 2
-1011010
What is 16 (base 15) in base 5?
41
Convert -12 (base 11) to base 12.
-11
What is -9 (base 15) in base 8?
-11
e (base 15) to base 8
16
Convert 10 (base 9) to base 8.
11
-35 (base 13) to base 10
-44
18 (base 11) to base 16
13
4 (base 12) to base 15
4
Convert -203 (base 6) to base 12.
-63
5 (base 10) to base 3
12
Convert 11 (base 6) to base 14.
7
Convert 1110101 (base 2) to base 6.
313
Convert -2 (base 12) to base 4.
-2
Convert -2 (base 16) to base 14.
-2
What is 20 (base 10) in base 9?
22
What is 2c (base 16) in base 13?
35
23 (base 7) to base 11
16
-2 (base 11) to base 5
-2
Convert 1 (base 9) to base 14.
1
What is 1 (base 8) in base 14?
1
Convert 9 (base 16) to base 14.
9
What is -12 (base 4) in base 6?
-10
What is 0 (base 13) in base 5?
0
What is 42 (base 8) in base 7?
46
Convert 1222 (base 4) to base 11.
97
3 (base 9) to base 8
3
Convert -101 (base 2) to base 7.
-5
91 (base 12) to base 10
109
Convert -7 (base 9) to base 11.
-7
What is 1 (base 12) in base 16?
1
Convert -26 (base 14) to base 11.
-31
What is -2 (base 14) in base 13?
-2
3 (base 7) to base 10
3
75 (base 11) to base 9
101
Convert 0 (base 15) to base 4.
0
-2 (base 9) to base 2
-10
What is 2001 (base 3) in base 14?
3d
-3 (base 6) to base 9
-3
Convert 86 (base 13) to base 3.
11002
Convert 26 (base 10) to base 16.
1a
What is -10 (base 2) in base 7?
-2
Convert -4 (base 11) to base 5.
-4
Convert 16 (base 10) to base 3.
121
Convert 1 (base 11) to base 8.
1
Convert 3 (base 11) to base 4.
3
Convert 1 (base 3) to base 10.
1
What is 1 (base 13) in base 5?
1
What is 0 (base 6) in base 14?
0
Convert -1 (base 4) to base 11.
-1
-b (base 12) to base 10
-11
-14 (base 13) to base 5
-32
What is 7 (base 15) in base 10?
7
Convert 100 (base 2) to base 12.
4
What is -2 (base 9) in base 13?
-2
14 (base 10) to base 11
13
-5a (base 15) to base 6
-221
What is 9 (base 12) in base 4?
21
What is 0 (base 8) in base 14?
0
What is -5 (base 8) in base 14?
-5
What is 19 (base 15) in base 13?
1b
7 (base 11) to base 6
11
Convert 0 (base 9) to base 10.
0
Convert 32 (base 5) to base 10.
17
-2 (base 5) to base 15
-2
What is 323 (base 7) in base 8?
244
Convert -6 (base 10) to base 5.
-11
What is 34 (base 7) in base 8?
31
-46 (base 14) to base 4
-332
51 (base 6) to base 5
111
What is 82 (base 14) in base 2?
1110010
What is -11 (base 16) in base 5?
-32
20 (base 7) to base 13
11
What is 3 (base 11) in base 15?
3
25 (base 8) to base 4
111
Convert -3313 (base 4) to base 13.
-160
5 (base 16) to base 12
5
-220 (base 6) to base 12
-70
Convert 230 (base 4) to base 14.
32
0 (base 14) to base 7
0
Convert 2 (base 15) to base 5.
2
Convert -367 (base 8) to base 3.
-100011
3 (base 14) to base 5
3
Convert 111 (base 3) to base 6.
21
What is -10 (base 9) in base 4?
-21
-33 (base 5) to base 2
-10010
What is -12 (base 9) in base 6?
-15
Convert 2 (base 12) to base 4.
2
Convert -118 (base 12) to base 14.
-ba
-2 (base 5) to base 14
-2
Convert 304 (base 7) to base 12.
107
Convert -141 (base 7) to base 9.
-86
Convert 8 (base 16) to base 4.
20
Convert 3 (base 14) to base 13.
3
0 (base 12) to base 4
0
Convert 1 (base 9) to base 2.
1
Convert 1f (base 16) to base 10.
31
6 (base 11) to base 9
6
What is -a (base 14) in base 2?
-1010
31 (base 5) to base 7
22
What is 1100 (base 2) in base 12?
10
-20 (base 3) to base 13
-6
Convert 2 (base 13) to base 10.
2
Convert -101011 (base 2) to base 5.
-133
What is 7 (base 11) in base 10?
7
What is 20100 (base 3) in base 13?
102
What is 1313 (base 4) in base 8?
167
What is -1 (base 12) in base 14?
-1
Convert 7 (base 14) to base 10.
7
Convert 73 (base 12) to base 8.
127
What is 1c (base 15) in base 12?
23
10 (base 8) to base 7
11
Convert 2 (base 4) to base 10.
2
What is -282 (base 9) in base 3?
-22202
-4 (base 7) to base 16
-4
Convert -11e (base 15) to base 7.
-512
What is 6 (base 8) in base 3?
20
What is 2022 (base 3) in base 6?
142
-11 (base 4) to base 15
-5
Convert 3 (base 10) to base 13.
3
Convert 3 (base 10) to base 3.
10
Convert 15 (base 7) to base 3.
110
Convert 2 (base 4) to base 8.
2
-4b (base 14) to base 9
-74
What is 60 (base 7) in base 5?
132
-9 (base 12) to base 15
-9
What is 2222 (base 3) in base 15?
55
15 (base 7) to base 6
20
Convert d8 (base 1